14 + -9 + -10 + (5 - -2)
2
What is 3 - ((-3 - -13) + -1 + 0)?
-6
Calculate (12 - (6 + -4)) + -5 - 11.
-6
Evaluate (2 + -1 - 0) + -68 + 63.
-4
-13 + 5 + 11 + -12
-9
What is the value of 9 - (6 - (-14 + 7))?
-4
2 + 1 + (-1 - (-4 + 6))
0
Calculate -1 + (-1 - -1) - (18 + -16).
-3
What is 1 - (5 - (2 - 2))?
-4
Calculate 7 + (4 + -8 - 1).
2
3 - (2 + 6) - -2
-3
1 + -4 - (-1 - 3)
1
Evaluate 0 + -2 + 2 - -3.
3
6 + 4 + -10 - 1
-1
2 - (11 - 5 - (-5 - -7))
-2
Calculate (0 - 0) + (-4 + 1 - -1).
-2
0 + (1 - 3 - -5) + 4
7
Evaluate 2 + (-1 - (-1 - 0 - -4)).
-2
(-6 - -5) + (5 - -1) + 0
5
What is -4 - (-6 + -5 + 5) - 3?
-1
What is (-2 - 1) + 15 + -11?
1
Evaluate 5 + (-4 - -3 - (-12 - -9)).
7
What is the value of 0 + -12 - (-121 + 108)?
1
Calculate -3 + -1 - (11 + -13).
-2
What is 1 - (14 - (5 - 1) - 6)?
-3
6 + (10 - 2 - (5 + -1))
10
Evaluate (-30 - -32) + -1 + 5.
6
What is the value of (6 + 1 + 1 - -6) + -7?
7
What is 7 - (-3 + 1) - 7?
2
What is 9 - (3 + (-5 - -6))?
5
Calculate 0 + (0 + 2 - (-6 + 7)).
1
Calculate 2 + 1 + (-6 - -2).
-1
5 + (4 + -5 - 3)
1
What is (5 + -2 - 3) + 1 - 2?
-1
What is -7 - -10 - (-7 + 4)?
6
Evaluate -10 - (-1 - 0 - (15 + -10)).
-4
Evaluate (5 - 0 - -4) + -4.
5
Evaluate -13 + (8 + -11 - -9).
-7
What is the value of -5 - (-10 - (8 - 9))?
4
What is the value of 3 + -7 - (-3 + 1)?
-2
Calculate 0 + 1 - 0 - (6 - 2).
-3
12 - (10 + -7 - -5)
4
What is 1 + 8 - (-1 + (2 - -2))?
6
(-10 - (2 - (10 - 5))) + 2
-5
Evaluate -5 - (-5 + 1 - -1) - -6.
4
What is the value of -3 + 7 + (6 - (19 + -6))?
-3
-10 - (-6 + 0 + -3 + 3)
-4
What is the value of -3 - (3 + -8 - 1)?
3
What is (-1 - (0 + -6)) + -3 + -1?
1
What is the value of 2 + -3 + -2 + 3?
0
1 + 4 + 1 + 0
6
Calculate 8 + -2 - 17 - (-10 - -9).
-10
Evaluate (1 - (1 + -1)) + (91 - 89).
3
Evaluate -1 + -3 + 5 + 3 + -3.
1
Evaluate 0 - (-2 + -3 + (1 - -5)).
-1
Calculate 1 - (-4 - -3) - 0.
2
What is the value of 10 - 15 - (1 - 1)?
-5
Evaluate -1 + -1 - (2 + -7) - 3.
0
Evaluate (11 - 0) + 3 + (-9 - 0).
5
0 + (1 - -2) + (-16 - -19)
6
Evaluate -5 - -8 - (1 + 2 + -4).
4
2 - (0 + -4 + 16 + -13)
3
Calculate 1 - ((-10 - -9) + -3).
5
(-5 - -6) + -6 - -3 - 3
-5
Calculate 4 + (-9 - -10) + 1 + -4.
2
What is the value of 13 - (-4 - (-6 - -8 - 10))?
9
What is -2 - (-1 + -1 + 2)?
-2
What is (8 - (5 + -9 + 6)) + 0?
6
What is -14 + (-3 + 13 - 4)?
-8
What is the value of 20 - (24 + 12 + -24)?
8
What is (-13 - -2) + (-7 - -8) + 4?
-6
Evaluate (2 - -1) + -4 + -3.
-4
-5 + -10 + -1 + 11
-5
(-36 - -46) + -1 + -3
6
What is the value of 1 + (2 - (3 + 0))?
0
-7 + (4 - 0) + 0
-3
-3 + -1 + 4 + -1
-1
What is the value of 6 + -1 - (9 + -9 - -3)?
2
What is the value of -1 - (0 + -5) - (-3 + 6)?
1
Evaluate -4 + (-13 + 4 - -14).
1
0 + -4 + (-5 - (-3 + -3))
-3
What is -6 + -3 + (4 - (6 - 4))?
-7
What is the value of (1 - 3) + 2 + 2 + -4?
-2
What is the value of 3 + 3 + (0 - -1) + -2?
5
What is the value of -2 - (-2 + 0 - -4)?
-4
Evaluate 8 + 2 + (7 - 3) + -7.
7
Calculate 2 + -1 - -7 - (274 - 271).
5
-3 + 3 - (-6 + 12) - -10
4
5 - (-6 + (-3 - -8) + -2)
8
(-2 - 0) + -3 - -10
5
Evaluate -4 + 0 + 4 - 4.
-4
-5 + (5 - 4) - -1
-3
Evaluate 5 - -1 - (6 + 3).
-3
What is 6 + (-5 - 1 - (-8 - -6))?
2
Calculate 3 - (6 - -3) - -1.
-5
Calculate 2 - (1 - (-2 + -2 + 4)).
1
-12 - (1 + -2) - (-1 - 5)
-5
What is the value of 2 + 0 + (2 - 0)?
4
What is 4 + 0 + 0 + 0?
4
What is the value of 2 + 1 + -6 + 15 + -9?
3
1 - -1 - (-3 - -5)
0
Calculate (-125 - -110) + 0 + 9.
-6
What is -11 - (-3 - (3 - 0))?
-5
What is the value of 2 - (25 - 11) - -13?
1
Evaluate -1 + 0 - (37 + -40).
2
What is the value of 13 + -12 - (6 - -1)?
-6
What is -7 - (-5 + 4) - (4 - 7)?
-3
Evaluate -4 + 7 + -8 + 1.
-4
Evaluate (-23 + 12 - -7) + (1 - -1).
-2
Calculate -7 - (-9 - 5) - 7.
0
What is (11 + 0 - 4) + -16?
-9
Calculate (44 - 45) + 5 + 0.
4
Evaluate -5 - (7 + (-14 - -8)).
-6
What is the value of -12 + (57 - 58) + (7 - 0)?
-6
-2 + -6 + 1 - (1 - 4)
-4
What is (1 - 11) + 3 - -19 - 5?
7
Calculate 3 - (1 + -4) - (1 - -4).
1
Calculate -2 - (0 - (-1 + -3 - -3)).
-3
Calculate (-8 - -21) + -6 + -7.
0
Evaluate (2 + -1 - -2) + 166 + -174.
-5
Evaluate 4 + -13 - -3 - (1 + -7).
0
Calculate -5 + 2 + -3 + -1 + 5.
-2
-7 - (14 + -8 - 18)
5
Evaluate 1 - -7 - -10 - 12.
6
Calculate 6 + -5 - (5 - 0).
-4
What is -10 - (-12 + 1 + 9)?
-8
What is -3 - ((-11 - -12) + 2)?
-6
4 + -7 - (-3 + (-1 - -1))
0
What is the value of -13 + 17 + 1 + 1 + -1?
5
(7 - 2) + (3 - (3 - -2))
3
Calculate 1 + 2 - 8 - (-8 + 8).
-5
What is the value of (5 - (1 + -1)) + -1?
4
What is 3 - (3 - (-5 + -4 + 8))?
-1
Evaluate 6 + 5 + 2 + -13.
0
What is the value of (8 - 2) + (-9 + 0 - -2)?
-1
What is the value of -24 + 31 - (1 + (-1 - -2))?
5
What is 2 + 3 - 9 - (-3 - 0)?
-1
(0 - -1) + -3 + 0 - -6
4
Evaluate 2 + (-8 - (0 - 3)) - -10.
7
What is the value of (-5 - (1 - 5)) + 1?
0
(-13 - -11 - -8) + -8
-2
What is 4 - -1 - (0 - -1)?
4
What is the value of (-1 - -1) + 1 + (10 - 7)?
4
-30 + 31 - (0 + 3)
-2
What is the value of (-9 - -11) + 6 - 14?
-6
Calculate (5 - 8) + -13 - -12.
-4
-1 - (1 - (3 - (1 - 0)))
0
Evaluate -1 + 9 + -4 + 1 - 3.
2
2 - -4 - (9 + -4)
1
What is 0 + 1 + -4 - -5?
2
What is the value of (-3 - (-1 - 0)) + (5 - 5)?
-2
What is (-3 - 2 - 1) + 3?
-3
Evaluate (-7 - -11) + (-4 - -3).
3
Calculate -1 + (-5 - 0 - -3).
-3
Evaluate 2 + -9 + 0 + 8.
1
What is the value of -1 + 2 - (0 + 1 - 1)?
1
Evaluate -7 + (9 - -12 - 8).
6
What is (24 - (6 - -5)) + -14?
-1
Evaluate -9 + 26 - 7 - 2.
8
What is 0 + 6 + (-28 - -20)?
-2
(-6 - (1 + -1)) + 3
-3
7 + 0 - (-19 + 8 - -12)
6
What is -3 + 1 + 0 + -1 + 1?
-2
Calculate 2 - -1 - (13 + -12).
2
Calculate 3 + (-2 - 7) + (0 - -4).
-2
What is the value of (1 - -3) + (2 - (-3 + 5))?
4
What is the value of 3 - ((8 - 12) + 1)?
6
What is the value of -7 + 3 - 0 - (1 + -1)?
-4
Calculate (-2 - 0) + (0 - 0).
-2
What is -1 + 9 + (0 - 3)?
5
What is -2 + -1 + (4 - 1) - -5?
5
Evaluate -7 - -4 - ((0 - 1) + 1).
-3
Evaluate 3 + -8 + 5 + 0 + -2.
-2
Evaluate (3 + -5 - -6) + -9.
-5
Evaluate -3 - ((5 - 2) + -6).
0
What is -9 - -5 - -5 - -4?
5
Calculate 8 - (-4 + 9) - (3 + 1).
-1
What is -5 - (-5 + -3) - (-2 + 8)?
-3
What is 1 - (3 - (5 + (-4 - -3)))?
2
What is (-23 - -21) + (1 - (3 - 0))?
-4
What is (10 + -4 - 10 - -7) + -3?
0
Calculate (2 - (-1 - -3)) + -4 - -4.
0
What is 8 - (10 + 5 - 1)?
-6
What is the value of 1 + (-1 - 4) + 9?
5
What is 5 + (-2 + 2 - 1)?
4
(-3 - -5) + (-1 - (-2 - -6))
-3
What is the value of -6 + 1 + -3 + 7 + 3?
2
2 + -2 + -1 + (-3 - 0)
-4
Evaluate 1 + -1 + -5 + 2.
-3
What is (-16 - -13 - 5) + 2 + 1?
-5
What is the value of (-29 - -32) + (-2 - (1 + -5))?
5
Evaluate (7 - (-2 + 8)) + -3 + 5.
3
What is the value of (7 - 6) + (0 - 6)?
-5
Evaluate (1 + -5 - -16) + -19.
-7
What is the value of (6 - (6 + 3 + 2)) + 1?
-4
Evaluate 23 + -20 - (3 + 0).
0
Calculate (-3 - -1) + 2 - (-5 - 0).
5
Evaluate 2 + -1 - (0 - (-7 + 0)).
-6
What is the value of -5 + 5 - -1 - -3?
4
What is 0 + (16 - 21) + (0 - -9)?
4
Calculate 0 + 0 + (-6 - (0 - 3)).
-3
6 + (-2 - (4 + -10 - -4))
6
What is the value of 3 + (-2 - 2) - (-2 - -2)?
-1
Calculate (-7 - -5 - -6) + 1 + -4.
1
Calculate (5 - (3 + -1)) + 1 - 3.
1
What is the value of -12 - (-7 + 10 + -1 + -4)?
-10
Evaluate -3 + (-1 - (4 + 3 + -13)).
2
-3 + (-9 - -5 - -8) + 5
6
What is the value of (-3 + 4 - 5) + -10 + 7?
-7
0 - 1 - (37 - 32)
-6
Calculate (12 + -7 - -1) + -5.
1
What is 3 + (-1 - 3) + 3?
2
Evaluate -2 - -2 - -6 - (-21 + 32).
-5
Calculate 5 + 0 + (3 - 1) + -2.
5
Evaluate 1 + 3 + -8 + 4 + 1.
1
Calculate -11 + (8 + 2 - -9).
8
What is the value of 1 - (5 - (-1 + 2) - -1)?
-4
What is the value of (3 - (0 - -2)) + -2?
-1
Evaluate 6 + (13 + -11 - (17 - 2)).
-7
Evaluate 1 + -7 + 1 - (-174 - -159).
10
What is (-1 - -5 - (-10 - -12)) + 1?
3
Evaluate (2 - 4) + 4 + (-6 - -2).
-2
What is the value of 6 + 3 - 18 - (-7 - 1)?
-1
(-1 + 5 - (3 + 3)) + 1
-1
Calculate -7 + 1 - (-48 - -43).
-1
What is the value of 7 + 6 + -2 - (-6 - -12)?
5
Evaluate -1 - -4 - 3 - 3 - -3.
0
Calculate (16 - 10) + (-6 - -1) + 3.
4
What is 18 + (-1 - 12 - -7) + -7?
5
What is 0 - (7 + (-2 - 7))?
2
Calculate -3 - (6 - 8) - 4.
-5
Calculate -4 + (6 - 5 - 3).
-6
What is the value of -1 - 0 - 0 - -4?
3
Evaluate -3 + (-7 - (-3 - 3)).
-4
What is the value of -4 + 3 + 2 + -5 + 1?
-3
Evaluate -2 + (2 - -2) + -4.
-2
1 + -2 + (